2. Let u(f) = 4*f - 7. Let t be u(3). What is the units digit of j(t)?
7
Suppose -4 = 2*q, 0 = n + 3*n - 3*q - 14. Suppose 4*b - 30 = n*b. What is the units digit of b?
5
Let m be 3 + (2 - 4) + 1. Suppose m*l - 4*b - 2 = 0, -4*l = -0*l - b - 18. What is the units digit of l?
5
Suppose -3*o + 314 = -5*b, 6*o = o - 4*b + 548. What is the tens digit of o?
0
Suppose -f = -5*t + 299, -t - 3*f = t - 123. Let y = t - 32. What is the tens digit of y?
2
Suppose -303 - 1521 = -12*a. What is the units digit of a?
2
Let u = 2 - -17. What is the units digit of u?
9
Suppose 114 = -5*c + 744. What is the tens digit of c?
2
Suppose -5*x = -3*g - 0*x - 13, 5*g + 4*x - 40 = 0. Suppose 40 = -0*n + g*n. What is the tens digit of n?
1
Let v(b) = 6*b**2 + 0*b**2 - 2*b - 4*b**2 - 3*b**2 + 20. What is the units digit of v(0)?
0
What is the units digit of (1 - -1) + -2 + 4?
4
Let y(j) = -j**3 + 6*j**2 + 3. Let i be y(6). Let l(g) = -4*g + 2*g + 9 + i*g. What is the units digit of l(-4)?
5
Let q(y) = y**2 - 4*y - 6. Let v be q(5). What is the units digit of (v/2)/(2/(-48))?
2
Suppose 0 = 11*q - 2593 - 179. What is the units digit of q?
2
Let x(h) = h**3 - 10*h**2 + 13*h - 21. What is the tens digit of x(10)?
0
Let w(y) = y**2 + 7*y. Let o be w(-7). Suppose -x = -o*h + h - 13, 3*h - 26 = -2*x. What is the units digit of x?
3
Suppose -2*a = 2*d - 34 - 0, d = 2. What is the units digit of a?
5
Suppose 0 = 11*y + 2682 - 6609. What is the tens digit of y?
5
Let k = -17 - -48. What is the tens digit of k?
3
Let z(g) = -3*g**3 - g**2 - 3*g - 2. Suppose -4*y - 2 - 1 = -b, -2*y - 3*b - 19 = 0. What is the tens digit of z(y)?
2
Let v(f) = 6*f + 1. Let n be v(1). Suppose 0 = 5*y - 3 - n. Suppose -7*g = -y*g - 35. What is the units digit of g?
7
Let o be (9/6 - 3)*-2. Let l(s) = -5*s**3 - s**2 + s + 1. Let n be l(-1). Let x = n - o. What is the units digit of x?
1
Let l = -2 + 6. Let h = -4 + l. Suppose 2*i - 5*f + 5 = h, -4*i - 2*f = 20 - 70. What is the units digit of i?
0
What is the tens digit of 3/(-6) - 1708/(-8)?
1
Let k = 43 - -101. What is the tens digit of k?
4
Let w = 11 + -8. Suppose w*y - 12 = -y + k, 2 = -y - k. What is the units digit of y?
2
Let z(c) = 9*c**2 - 1. Let q = 1 - 0. What is the units digit of z(q)?
8
Suppose -4*v + 3*g + 21 = 0, -4*v - 2*g = -0*g - 6. Suppose v*j - 26 = 58. What is the units digit of j?
8
Let s(b) = b**3 + 5*b**2 - 7*b - 8. Let r be s(-6). Let y be r/(1 - (-19)/(-18)). Suppose -2*t + y = t. What is the units digit of t?
2
What is the tens digit of (459/(-12))/((-6)/24)?
5
Let s be (-2)/(-3) - 35/(-15). Suppose -3*b - s*m = -60, -5*m + m = 2*b - 48. What is the tens digit of b?
1
Suppose -k + 2*k + 6 = 0. Let o = k - -8. What is the units digit of (8 + -1)/(o - 1)?
7
Suppose -5*n = -2*n - 63. What is the units digit of n?
1
Suppose 5*i - 4 = -4*r, 0 = 3*i - 3*r + 2 + 1. Let g be (i - -1) + 0/(-1). What is the units digit of 4 + -2 - (g - 2)?
3
Suppose -2*a + 3*a - 90 = 5*l, 5*l + 260 = 3*a. Let f = a - 57. What is the units digit of f?
8
Let x(c) = c**3 + 5*c**2 - 7*c - 3. Let w be x(-6). Suppose 2*z - w*d - 49 = 0, -z + 4*d - 3*d + 24 = 0. What is the units digit of z?
3
Suppose -3*v - 28 = -2*t, 3*t + 4*v - 4 = 4. Suppose -4*y - 152 = -t*y. What is the units digit of y?
8
Suppose -3*l - 181 = -559. What is the units digit of l?
6
Let n(j) = j**3 + 6*j**2 + 7*j + 6. Let s be 1/(-1 + 15/12). Suppose 5*g + 8 = 3*p, s*g = -g - 2*p - 28. What is the units digit of n(g)?
0
What is the tens digit of 310/11 + (-2 - 100/(-55))?
2
Let q = 150 + -87. What is the units digit of q?
3
Let m(h) = 66*h + 2 + 0 + 1 - 65*h. What is the units digit of m(-2)?
1
Let l(m) = -4*m + 1. Let o(w) = -5*w**2 - w - 1. Let i be o(-1). Let f be l(i). Suppose -f = -4*a + 3*q + 2*q, -a + 1 = 3*q. What is the units digit of a?
4
Suppose 5*z = 4*r + 79, -91 = -5*z + r - 0*r. What is the tens digit of z?
1
Let y(x) = x. Let q be y(3). Suppose 0 = -q*b + 22 + 5. What is the units digit of b?
9
Let p(a) = -a - 4*a + 2*a + 23 - 22. Suppose l + 15 = -4*l. What is the units digit of p(l)?
0
Let d(b) = b**2 + 0 - 4 - b + 4 + 6*b**3 + 1. Let t be d(1). Suppose 3*y = t*y - 4. What is the units digit of y?
1
Let g(a) = -a**3 - a**2 + 4*a + 1. Let y be g(-3). Suppose -o = 4*f - 2*o, 12 = -4*f + 4*o. Let j = f + y. What is the units digit of j?
8
Let w = -2 + 5. Suppose -2*l = w*v - 16, -l = 5*v - 5*l - 12. What is the units digit of v?
4
Suppose -4*t + 112 + 104 = 0. What is the tens digit of t?
5
Let a(n) = n**3 + 7*n**2 + 3*n + 1. What is the tens digit of a(-3)?
2
Let w be 1 + (2 - 2/2). Suppose 0 = -w*p - 2*i + 8, 3*p - 2 = 2*p - 3*i. Suppose -m - l = -5, p*m = m - 2*l + 30. What is the units digit of m?
0
Suppose 0 = 2*f - f + 1. What is the units digit of (2 - 0)*3 + f?
5
Let n be 564/15 + (-2)/(-5). What is the units digit of 2/3 - n/(-6)?
7
What is the units digit of 696/8 - 6/2?
4
Let a = 10 + 5. Let n = -22 + a. Let o(f) = f**2 + 4*f - 3. What is the tens digit of o(n)?
1
Let n(r) be the first derivative of r**3/3 - 3*r**2/2 + 6*r - 5. What is the tens digit of n(4)?
1
Suppose -3*u + 155 = -7. What is the tens digit of u?
5
Suppose -4*k - 290 = -9*k. What is the tens digit of k?
5
Suppose u + 3*j - 46 = -14, -2*u - 3*j + 76 = 0. Let m = u - 17. What is the tens digit of m?
2
Let j(r) = 5 + 5*r**2 - 4 - r + r. Let u be j(-1). Let l(z) = -z**2 + 9*z - 8. What is the tens digit of l(u)?
1
Let p = 6 - -14. Let g(q) = q + 6. Let h be g(0). Suppose -h*w + p = -w. What is the units digit of w?
4
Let h(c) = -c**2 - c**2 - 6*c**3 + 2*c - 3*c. Let y be h(-1). Suppose 2*l = 17 + y. What is the tens digit of l?
1
Let l = -73 + 219. What is the hundreds digit of l?
1
Let q(p) = 2*p + 7 - 2*p - p. Let r be q(7). What is the units digit of 21 + -5 - (r - -2)?
4
What is the units digit of -3*(-6 + 2 - 3)?
1
Let o(d) = -4*d + 10. Let c(f) = 7*f - 21. Let s(r) = -3*c(r) - 5*o(r). Suppose -2*x - 2*x + 40 = 0. What is the units digit of s(x)?
3
What is the units digit of (1 - 1) + 164 + (-100)/(-25)?
8
Suppose s = -2*s + 6. Let p be (4 - s)*(-2 - 0). What is the units digit of ((-2)/p)/(3/12)?
2
Suppose -s = -3*d + d, 0 = 4*d + 2*s + 8. Let y = 5 + d. What is the units digit of y?
4
Suppose -4*r = -78 - 186. What is the tens digit of r?
6
Let h(s) = 11*s - 1. Let y be h(1). Let w be y/2 + 1 + 0. Suppose -w = -p - 2*d, -2*p - 3*p - d + 21 = 0. What is the units digit of p?
4
Let b = 32 - 4. What is the tens digit of b?
2
Let p = -21 - -27. Suppose 25 = t + p. What is the tens digit of t?
1
Let t(f) = f - 3. Let k be t(3). Let q be 2/6 - 531/(-27). Suppose k*v - 2*v = -q. What is the tens digit of v?
1
Let d = 0 - -1. Let o be (-6)/(-8) + (-6)/8. Let r = d - o. What is the units digit of r?
1
Suppose 3 = 3*w, 5*t + 0 = 5*w + 5. Suppose -5*v + 71 = -t*x, v = 3*v + 2*x - 20. What is the tens digit of v?
1
Let b(z) = -z**2 - 7*z + 4. Let d be b(-6). Suppose -8*k = -3*k - d. Suppose i - 2*l = k, 2*i - 3*l = -3*i + 10. What is the units digit of i?
2
Let u(c) = -c**3 - 3*c**2 - 2*c - 4. Let r be u(-3). What is the units digit of ((-5)/5)/(r/(-14))?
7
Let m = -14 + 20. Suppose m*i - 41 = 5*i. What is the units digit of i?
1
Let k be 20*1*3/(-6). Let r(g) = -17*g**3 + 2*g**2 - 1. Let f be r(1). Let t = k - f. What is the units digit of t?
6
Suppose -2*s + 91 = -0*a + 3*a, -4*s - 5*a = -177. What is the units digit of s?
8
Let p = 0 - -2. Suppose -4*b = 2*i - 10 - 8, -13 = -p*i + b. What is the units digit of i?
7
Let r(t) = -t + 5. Suppose 20 = 3*i + 8. What is the units digit of r(i)?
1
Let r(d) = 3*d**2 + 2*d - 7. Let m be r(5). Suppose 0 = -5*p, -30 = 4*z - 3*p - m. What is the tens digit of z?
1
Suppose 5*t = 2*n - 7 - 21, -4*t - 4*n - 28 = 0. Let z be -2*(123/t + 3). Suppose 3*k - 10 = z. What is the tens digit of k?
1
Let m(z) be the first derivative of -z**5/60 + 5*z**4/24 - z**3/2 + z**2/2 + 3. Let j(x) be the second derivative of m(x). What is the units digit of j(4)?
1
Let k = 5 + -4. Let i be k/3*69*1. Suppose -m - 3*q + 8 = 0, -6*m - 3*q + i = -2*m. What is the units digit of m?
5
Let w(r) = 103*r**2 - 2*r - 1. What is the units digit of w(-1)?
4
Suppose -11 = -4*v - 3*h, -4*v + 2*h + 19 = -7. Suppose v*i = 3*i + 26. What is the units digit of i?
3
Suppose 0 = -f + 2*b - 14, 5 = -f